7 - -14.
-20
Evaluate 71 - (-180 - -194 - (1 - -21)).
79
What is the value of (-84 - 61) + 62 - -96?
13
Evaluate 19 - (-21 - -2 - 21 - -20).
39
What is (-15 - (-25 + 11)) + (9 + 4 - 12)?
0
(-28 + -1 - (-47 + -4 - -62)) + -2 + 0
-42
-26 - -56 - (36 - -3)
-9
What is the value of -101 + 43 - (33 + -26) - (-14 - -1)?
-52
5 - 6 - (133 + -99)
-35
-10 - ((-3 - -8) + 0) - (-13 - -1)
-3
Evaluate -127 + -70 + 65 + 190.
58
What is the value of -85 + 71 + -26 - (0 + 18)?
-58
What is -6246 - -6268 - (0 - -62)?
-40
What is (-124 - -3) + 141 - -22?
42
What is the value of 2 - (-59 - (2 - 113))?
-50
Evaluate -18 - 1 - 22 - (-1 - -9) - 5.
-54
What is the value of (10 - 25) + (0 - -4) + (-11 - 0 - -13)?
-9
Evaluate (-8 + 5 + -7 + 17 - (-6 - -7)) + -9.
-3
(6 - -18 - 30) + (-40 - -7) + 2
-37
Evaluate 11 + -6 - -33 - (9 + -15) - -16.
60
Evaluate ((-19 - -10 - -4) + 6 - -12) + -64.
-51
Evaluate (-40 - (-1 - 7)) + (53 - -19).
40
5 + (-15 + 11 + -40 - -17)
-22
What is 61 + (-37 - 1) - 47?
-24
Calculate (53 - (50 + -36)) + -2.
37
Calculate (45 - 24) + (23 - 66) + -15.
-37
What is (-1 - (1 + -7) - 7) + 38?
36
Calculate 5 + -49 - (-6 - 1).
-37
What is the value of (0 - 14) + (-19 - -36 - 29) + -7?
-33
What is the value of (73 - 67) + (1 + -4 - (23 + -25))?
5
What is the value of (-22 - 0 - (-90 - -60)) + 49?
57
What is the value of -11 + (6 - 6) + 10 + (2 - -8)?
9
Calculate -74 + (-3 + -24 + 31 - (5 - 0)).
-75
-40 - (-20 - (-9 + -8 + 10 - 2))
-29
What is the value of 2 + (-7 - -6) + -7 - (-337 - -347) - -83?
67
(0 + -24 - 1) + (33 - -5)
13
What is the value of (114 - 130) + -24 - -109?
69
Evaluate 19 + -31 + 8 + 34 + -4 + -1.
25
Evaluate (-14 - -62 - 92) + 8 + 37.
1
Evaluate (5 - (5 - (22 - 14 - 7))) + 34.
35
What is the value of (-139 - -122) + 23 - -6?
12
Evaluate 37 - (10 - (-11 + 9)).
25
What is 79 + -7 - 101 - -157?
128
What is the value of (3 - 0 - -5) + 4 - (-34 + 8)?
38
-9 + 17 + (-3 - -3) + -47 + 11 + 9
-19
What is the value of 0 - 42 - ((41 - 22) + -35)?
-26
What is the value of 107 + -64 + -35 + 45?
53
Evaluate (-22 + 21 - (-1 + 11)) + (5 - (36 - 28)).
-14
Calculate (4 + -2 + (11 - 8) - 64) + (-13 - 3).
-75
What is (-11 - (1 - 0)) + (-244 - (-138 + -76))?
-42
What is (2 - (-31 + 3)) + (17 - 21 - -16)?
42
What is the value of 371 + -372 - (2 + 1 - 42)?
38
What is 42 - (81 + -121 + 140)?
-58
Evaluate -5 + (-2 + 1 + 125 - (-989 - -1004)).
104
Calculate 30 - (4 - 2 - (9 + 7) - (-14 + 9)).
39
What is the value of -3 - -5 - 9 - -20 - (34 + -34)?
13
-1 - -6 - (-116 - -56 - -78)
-13
51 - (10 - ((9 - -3 - 1 - 4) + 6))
54
Calculate ((14 - 12) + -3 + -45 - 2) + 30 + -31.
-49
Evaluate 2 + -30 + 28 - ((-1 - -6) + (-15 - -33)).
-23
(26 - 23 - 3) + -6
-6
What is the value of -2 - -17 - 9 - -2 - 4 - -28?
32
What is (1 + -78 - (-38 - (20 + -73))) + 11?
-81
-20 + (197 - (-115 + 220))
72
-51 + 136 - 80 - -22
27
What is -1 + 0 - -11 - (-20 + 45 + (26 - 28))?
-13
What is (-6 - 63 - -17) + 89?
37
Calculate 3 + -10 + 20 + (3 - (-1 - -1)) + -47.
-31
What is -67 + (63 - (-11 + (37 - -6)))?
-36
What is (-128 - (-91 + -35)) + 112?
110
Calculate -6 + 31 + ((-2 - -3) + 7 - (-22 + 29)).
26
What is the value of -7 - (33 - (12 + 3 - (23 - 9)))?
-39
(110 - 105) + 80 + -1 + 9 + -20
73
Calculate (25 - 26) + (9 + 1 - (0 + -11)).
20
Calculate (-336 - -333) + (13 - 8 - (-57 - 1)).
60
Calculate -100 - (10 + -11 + (32 + -13 - 25)).
-93
57 - (53 + -86 + 36)
54
Calculate -1 + 2 + 18 + (-44 - -34) - 28.
-19
What is the value of 3 + 5 - (26 + -13 + 6) - (-197 - -259)?
-73
16 + 2 + (-33 + 1 - (36 - 87))
37
-76 - (25 - (9 - -77))
-15
Calculate (-3 - 21) + (-1 + -8 - (20 - (-3 + 29))).
-27
-6619 + 6682 - (108 - -1)
-46
What is 19 + -32 + -11 + 1 + 34?
11
What is the value of (14 - -1) + (-142 - -137) + 4 - 74?
-60
Calculate 6 - (-305 - -355 - (-2 - 3)) - 4.
-53
Evaluate (-22 - (12 + -2)) + 27 + 19.
14
Evaluate 62 + 79 + -113 + -105 + 4.
-73
What is the value of 36 + -94 + 140 - 80?
2
Calculate -30 + 1 + (-9626 - -9593).
-62
Calculate (80 - 98) + (1 - -61) + (-9 - 1).
34
What is (-23 + 22 - 6) + (25 - 9)?
9
Calculate (-298 - -310) + (4 + 102 - -1) + 6.
125
What is the value of -11 + (9 - -4 - (0 + 8)) - -8?
2
Evaluate (11 - (10 + 6 + (-26 - -23))) + 58.
56
Evaluate (-95 - 3 - -3) + (13 + -35 - 15) + 42.
-90
What is 66 + (-16 - (11 + 24))?
15
Evaluate 38 + (-13 - -38) + -29 - -89.
123
Calculate -2 + 6 + -2 + (-44 - (20 + -18)).
-44
What is the value of -9 + -97 - (1 + -31)?
-76
(22 - (-25 + 19)) + 22 - 20
30
Calculate -21 - (-2 - (3 - -4) - 44).
32
What is -13 - (2 + (-8 - -15) + 5 - 8)?
-19
Evaluate -110 + -2 - (-104 - (95 - 198)).
-111
What is the value of -79 + (125 - 42) + -19 + -1 - 112?
-128
42 - ((-8 - -3) + 1) - (-177 + 172)
51
What is the value of (-89 - (17 - 76)) + -9?
-39
Evaluate (2 - 12) + (5 - 22 - -46 - 20).
-1
Calculate ((-1 - -8) + -2 - -1) + -28 + 46 + -78.
-54
Calculate (-218 - -71) + 71 - (-12 - 0 - 0) - 5.
-69
What is 56 - (69 + 11 + -32)?
8
What is 0 + -62 - (106 - (74 - 13))?
-107
Calculate 28 + (-1 - -51 - (49 - 52)).
81
Calculate 23 - (29 + -37 - 11).
42
Calculate -33 + (-41 - -22) + 19.
-33
Calculate ((0 + -71 - 15) + 7 - (0 - 3)) + 12.
-64
68 + (24 - (15 + -12 - -10))
79
Evaluate 78 + (1 - 2) + -3361 + 3376.
92
(-3 - 0 - 6) + -10 + (4 - -2) + -127
-140
Evaluate -22 + (-40 + 2 - (-203 - -192)).
-49
What is (30 - (-2 + 4)) + -438 + 331?
-79
What is the value of 27 + (8 + -16 - 11) + 3?
11
What is -14 + 8 + 15 + 23 - -43?
75
Calculate -270 + 143 - (0 + (2 + -4 - -1)).
-126
2 - ((10 - 5) + -1) - 29
-31
Calculate -14 - -10 - 7 - (88 + 5 + -12 + -1).
-91
What is 2 + 46 - (6 - (-1 + 3 - (57 - 64)))?
51
Calculate 37 - (-35 + 50 + -7).
29
Evaluate -770 + 722 + (-2 + 3 - (1 - 1)).
-47
Evaluate -4 - 21 - (-9 - (10 - 7 - 7)).
-20
Evaluate (376 - 440) + (132 - -18).
86
(-55 - (-4 - (1 + -10))) + (0 - -5) - -8
-47
Calculate -50 + (64 - (71 + -21)).
-36
Calculate (0 + 5 + 0 - (-12 + 14)) + 29.
32
What is the value of (-23 - -1 - 54) + -1 + 24?
-53
What is the value of -62 + (-22 - (15 + -70)) + -21?
-50
Calculate -88 - (-12 - 90) - (-59 + 2).
71
Calculate (-9 - (6 + (-11 + 10 - 8))) + (101 - -8).
103
-19 + -81 + 104 + 24 + 0
28
What is the value of 1 + 16 + 5 + 13 + -23?
12
What is the value of -11 - ((1 - -2) + (-182 - -175) + 4 + 68)?
-79
What is the value of 5 - -18 - (31 - -45 - 9)?
-44
What is the value of 11 + -15 + 16 + (-27 - 7) + -83?
-105
Calculate -1 + -17 - (-20 + -42 + 36 + -39).
47
Evaluate 123 + (132 + -168 - -26).
113
21 - (-50 + 34 + -90 + -27)
154
111 - (37 - 78) - 92
60
Evaluate -20 - -5 - ((-2 - 15) + -31).
33
Evaluate 8 - (-8 + -8 - 25).
49
Evaluate 15 + (7 - (1 - -13)) + (14 - 3).
19
-4 + (7 + 5 + -23 - -7) + -12
-20
Evaluate -38 + -4 - ((178 - 206) + 0 + 16).
-30
(-80 - 1) + (751 - 691)
-21
What is 116 + -18 + -142 + 26?
-18
What is (-1 - 5 - (25 + -37)) + (1 - -75 - 9)?
73
-71 + 39 + (63 - 3)
28
Evaluate -75 + -74 + 45 + 66.
-38
Calculate (10 - (2 - -19) - -94) + (17 - 29).
71
What is the value of (2 - 6) + (-1155 - -1150) + (1 - 87)?
-95
Evaluate 64 - (43 - (-1 + 69)).
89
What is (18 + -15 - 6) + ((-7 - 5) + 5 - -63)?
53
-16 + (-58 - (7 + -15)) + -14 + 25
-55
Calculate 1 + -31 - (-35 - (11 - -5)).
21
What is (-14 - 10) + (25 - 1) + 63?
63
(-59 - (-6 + -59)) + -63
-57
What is the value of 56 + -83 + -62 + 108?
19
Evaluate (7 - 6) + 20 - 0 - 12.
9
Calculate (-544 - -600) + (-11 - 1).
44
(-4 - (0 + -3 + -13)) + (-98 - -113) - 6
21
What is the value of 1098 + -1080 - (102 - 5)?
-79
(15 - 41 - -20) + -3 + (1 - 5 - -16)
3
Evaluate (-34 - -3 - -3) + (-68 - (-49 + -26)).
-21
Evaluate -8208 + 8245 + (0 + -2 - 33) + (0 - 40).
-38
Calculate -17 - (71 - 68 - 150).
130
What is the value of -129 + (-55 - -139) - -51?
6
Evaluate 10 - 0 - (-72 + (-83 - -120) + 91).
-46
Calculate -24 + (23 - (10 + 23)).
-34
What is 3 + -14 - (6 - (5 - 4) - 2)?
-14
-2 + 6 + (43 - 3) + 15 + (-20 - -5)
44
Calculate -2504 - -2525 - (9 - (1 + -2)).
11
What is the value of 21 - (114 + (-46 - 50) + (-13 - -1))?
15
What is -29 - (-43 - -11) - (-22 + -19)?
44
(42 - -24) + 77 + -222
-79
What is the value of 44 + (7 + 0 - (-217 - -214))?
54
Evaluate -16 - (19 - 18) - (-10 + 9) - 6.
-22
What is (140 - 75 - 109) + (-1 + 1 - -2)?
-42
Calculate -110 - -28 - (-27 - 81).
26
(-20 - 2) + 18 + 17
13
-27 + (129 - 52) +